{"id":810,"date":"2024-10-04T12:25:24","date_gmt":"2024-10-04T09:25:24","guid":{"rendered":"https:\/\/euaic.pnrr.uaic.ro\/?page_id=810"},"modified":"2025-03-04T11:03:37","modified_gmt":"2025-03-04T09:03:37","slug":"cursuri-ecdl-nivel-mediu-sesiunea-ii","status":"publish","type":"page","link":"https:\/\/euaic.pnrr.uaic.ro\/?page_id=810","title":{"rendered":"Cursuri ECDL nivel mediu Sesiunea II"},"content":{"rendered":"\t\t<div data-elementor-type=\"wp-page\" data-elementor-id=\"810\" class=\"elementor elementor-810\">\n\t\t\t\t\t\t\t\t\t<section class=\"elementor-section elementor-top-section elementor-element elementor-element-1ada91b elementor-section-boxed elementor-section-height-default elementor-section-height-default\" data-id=\"1ada91b\" data-element_type=\"section\">\n\t\t\t\t\t\t<div class=\"elementor-container elementor-column-gap-default\">\n\t\t\t\t\t<div class=\"elementor-column elementor-col-100 elementor-top-column elementor-element elementor-element-c59dc31\" data-id=\"c59dc31\" data-element_type=\"column\">\n\t\t\t<div class=\"elementor-widget-wrap elementor-element-populated\">\n\t\t\t\t\t\t\t\t<div class=\"elementor-element elementor-element-d41212d elementor-widget elementor-widget-heading\" data-id=\"d41212d\" data-element_type=\"widget\" data-widget_type=\"heading.default\">\n\t\t\t\t<div class=\"elementor-widget-container\">\n\t\t\t<style>\/*! elementor - v3.14.0 - 18-06-2023 *\/\n.elementor-heading-title{padding:0;margin:0;line-height:1}.elementor-widget-heading .elementor-heading-title[class*=elementor-size-]>a{color:inherit;font-size:inherit;line-height:inherit}.elementor-widget-heading .elementor-heading-title.elementor-size-small{font-size:15px}.elementor-widget-heading .elementor-heading-title.elementor-size-medium{font-size:19px}.elementor-widget-heading .elementor-heading-title.elementor-size-large{font-size:29px}.elementor-widget-heading .elementor-heading-title.elementor-size-xl{font-size:39px}.elementor-widget-heading .elementor-heading-title.elementor-size-xxl{font-size:59px}<\/style><h2 class=\"elementor-heading-title elementor-size-default\">CALENDAR<\/h2>\t\t<\/div>\n\t\t\t\t<\/div>\n\t\t\t\t\t<\/div>\n\t\t<\/div>\n\t\t\t\t\t\t\t<\/div>\n\t\t<\/section>\n\t\t\t\t<section class=\"elementor-section elementor-top-section elementor-element elementor-element-0867951 elementor-section-boxed elementor-section-height-default elementor-section-height-default\" data-id=\"0867951\" data-element_type=\"section\">\n\t\t\t\t\t\t<div class=\"elementor-container elementor-column-gap-default\">\n\t\t\t\t\t<div class=\"elementor-column elementor-col-50 elementor-top-column elementor-element elementor-element-320a36b\" data-id=\"320a36b\" data-element_type=\"column\">\n\t\t\t<div class=\"elementor-widget-wrap elementor-element-populated\">\n\t\t\t\t\t\t\t\t<div class=\"elementor-element elementor-element-13f07ea elementor-widget__width-initial elementor-widget elementor-widget-text-editor\" data-id=\"13f07ea\" data-element_type=\"widget\" data-widget_type=\"text-editor.default\">\n\t\t\t\t<div class=\"elementor-widget-container\">\n\t\t\t<style>\/*! elementor - v3.14.0 - 18-06-2023 *\/\n.elementor-widget-text-editor.elementor-drop-cap-view-stacked .elementor-drop-cap{background-color:#69727d;color:#fff}.elementor-widget-text-editor.elementor-drop-cap-view-framed .elementor-drop-cap{color:#69727d;border:3px solid;background-color:transparent}.elementor-widget-text-editor:not(.elementor-drop-cap-view-default) .elementor-drop-cap{margin-top:8px}.elementor-widget-text-editor:not(.elementor-drop-cap-view-default) .elementor-drop-cap-letter{width:1em;height:1em}.elementor-widget-text-editor .elementor-drop-cap{float:left;text-align:center;line-height:1;font-size:50px}.elementor-widget-text-editor .elementor-drop-cap-letter{display:inline-block}<\/style>\t\t\t\t<h2 class=\"elementor-heading-title elementor-size-default elementor-inline-editing pen\" contenteditable=\"true\" data-elementor-setting-key=\"title\" data-pen-placeholder=\"Type Here...\"><span style=\"color: #0b5d6b;\">Activitate<\/span><\/h2><h4 style=\"text-align: left;\"><span style=\"color: #0b5d6b;\">I. Campanie de informare \u0219i promovare \u00een r\u00e2ndul GT<\/span><br \/><span style=\"color: #0b5d6b;\">II. \u00censcrierea candida\u021bilor <\/span><br \/><span style=\"color: #0b5d6b;\">III. Verificarea, evaluarea \u0219i selec\u021bia candidaturilor<\/span><br \/><span style=\"color: #0b5d6b;\">IV. Afi\u0219area listei de candida\u021bi declara\u021bi admi\u0219i <\/span><br \/><span style=\"color: #0b5d6b;\">V. Contesta\u021bii<\/span><br \/><span style=\"color: #0b5d6b;\">VI. Solu\u021bionarea contesta\u021biilor<\/span><br \/><span style=\"color: #0b5d6b;\">VII. Afi\u0219area listei finale a candida\u021bilor declara\u021bi admi\u0219i<\/span><\/h4>\t\t\t\t\t\t<\/div>\n\t\t\t\t<\/div>\n\t\t\t\t\t<\/div>\n\t\t<\/div>\n\t\t\t\t<div class=\"elementor-column elementor-col-50 elementor-top-column elementor-element elementor-element-157ffa4\" data-id=\"157ffa4\" data-element_type=\"column\">\n\t\t\t<div class=\"elementor-widget-wrap elementor-element-populated\">\n\t\t\t\t\t\t\t\t<div class=\"elementor-element elementor-element-893b40f elementor-widget__width-initial elementor-widget elementor-widget-text-editor\" data-id=\"893b40f\" data-element_type=\"widget\" data-widget_type=\"text-editor.default\">\n\t\t\t\t<div class=\"elementor-widget-container\">\n\t\t\t\t\t\t\t<h2 class=\"elementor-heading-title elementor-size-default elementor-inline-editing pen\" contenteditable=\"true\" data-elementor-setting-key=\"title\" data-pen-placeholder=\"Type Here...\"><span style=\"color: #0b5d6b;\">Perioad\u0103<\/span><\/h2><h4 style=\"text-align: left;\"><span style=\"color: #0b5d6b;\">I.\u00a0 \u00a0 \u00a003 octombrie \u2013 08 octombrie 2024<\/span><br \/><span style=\"color: #0b5d6b;\">II.\u00a0 \u00a0 08 \u2013 21 octombrie 2024<\/span><br \/><span style=\"color: #0b5d6b;\">III.\u00a0 \u00a022 \u2013 23 octombrie 2024<\/span><br \/><span style=\"color: #0b5d6b;\">IV.\u00a0 \u00a024 octombrie 2024<\/span><br \/><span style=\"color: #0b5d6b;\">V.\u00a0 \u00a0 25 octombrie 2024<\/span><br \/><span style=\"color: #0b5d6b;\">VI.\u00a0 \u00a026-27 octombrie 2024<\/span><br \/><span style=\"color: #0b5d6b;\">VII.\u00a0 28 octombrie 2024<\/span><\/h4>\t\t\t\t\t\t<\/div>\n\t\t\t\t<\/div>\n\t\t\t\t\t<\/div>\n\t\t<\/div>\n\t\t\t\t\t\t\t<\/div>\n\t\t<\/section>\n\t\t\t\t<section class=\"elementor-section elementor-top-section elementor-element elementor-element-fc5ffea elementor-section-boxed elementor-section-height-default elementor-section-height-default\" data-id=\"fc5ffea\" data-element_type=\"section\">\n\t\t\t\t\t\t<div class=\"elementor-container elementor-column-gap-default\">\n\t\t\t\t\t<div class=\"elementor-column elementor-col-20 elementor-top-column elementor-element elementor-element-e856f0e\" data-id=\"e856f0e\" data-element_type=\"column\">\n\t\t\t<div class=\"elementor-widget-wrap elementor-element-populated\">\n\t\t\t\t\t\t\t\t<div class=\"elementor-element elementor-element-2c43e82 elementor-widget__width-initial elementor-widget elementor-widget-button\" data-id=\"2c43e82\" data-element_type=\"widget\" data-widget_type=\"button.default\">\n\t\t\t\t<div class=\"elementor-widget-container\">\n\t\t\t\t\t<div class=\"elementor-button-wrapper\">\n\t\t\t<a class=\"elementor-button elementor-button-link elementor-size-sm\" href=\"https:\/\/euaic.pnrr.uaic.ro\/wp-content\/uploads\/2024\/10\/Lista-candidati-ADMISI_ECDL.pdf\">\n\t\t\t\t\t\t<span class=\"elementor-button-content-wrapper\">\n\t\t\t\t\t\t<span class=\"elementor-button-text\">List\u0103 candida\u021bi admi\u0219i ECDL nivel mediu (sesiunea II)<\/span>\n\t\t<\/span>\n\t\t\t\t\t<\/a>\n\t\t<\/div>\n\t\t\t\t<\/div>\n\t\t\t\t<\/div>\n\t\t\t\t\t<\/div>\n\t\t<\/div>\n\t\t\t\t<div class=\"elementor-column elementor-col-20 elementor-top-column elementor-element elementor-element-8492b26\" data-id=\"8492b26\" data-element_type=\"column\">\n\t\t\t<div class=\"elementor-widget-wrap elementor-element-populated\">\n\t\t\t\t\t\t\t\t<div class=\"elementor-element elementor-element-7e8b331 elementor-widget__width-initial elementor-widget elementor-widget-button\" data-id=\"7e8b331\" data-element_type=\"widget\" data-widget_type=\"button.default\">\n\t\t\t\t<div class=\"elementor-widget-container\">\n\t\t\t\t\t<div class=\"elementor-button-wrapper\">\n\t\t\t<a class=\"elementor-button elementor-button-link elementor-size-sm\" href=\"https:\/\/euaic.pnrr.uaic.ro\/wp-content\/uploads\/2024\/10\/Lista-candidati-RESPINSI_ECDL.pdf\">\n\t\t\t\t\t\t<span class=\"elementor-button-content-wrapper\">\n\t\t\t\t\t\t<span class=\"elementor-button-text\">List\u0103 candida\u021bi respin\u0219i ECDL nivel mediu (sesiunea II)<\/span>\n\t\t<\/span>\n\t\t\t\t\t<\/a>\n\t\t<\/div>\n\t\t\t\t<\/div>\n\t\t\t\t<\/div>\n\t\t\t\t\t<\/div>\n\t\t<\/div>\n\t\t\t\t<div class=\"elementor-column elementor-col-20 elementor-top-column elementor-element elementor-element-116c0bd\" data-id=\"116c0bd\" data-element_type=\"column\">\n\t\t\t<div class=\"elementor-widget-wrap elementor-element-populated\">\n\t\t\t\t\t\t\t\t<div class=\"elementor-element elementor-element-c5d516a elementor-widget__width-initial elementor-widget elementor-widget-button\" data-id=\"c5d516a\" data-element_type=\"widget\" data-widget_type=\"button.default\">\n\t\t\t\t<div class=\"elementor-widget-container\">\n\t\t\t\t\t<div class=\"elementor-button-wrapper\">\n\t\t\t<a class=\"elementor-button elementor-button-link elementor-size-sm\" href=\"https:\/\/euaic.pnrr.uaic.ro\/wp-content\/uploads\/2024\/10\/Calendar-selectie-ECDL-nivel-mediu-prelungire.docx\">\n\t\t\t\t\t\t<span class=\"elementor-button-content-wrapper\">\n\t\t\t\t\t\t<span class=\"elementor-button-text\">Vizualizare Calendar selectie ECDL nivel mediu<\/span>\n\t\t<\/span>\n\t\t\t\t\t<\/a>\n\t\t<\/div>\n\t\t\t\t<\/div>\n\t\t\t\t<\/div>\n\t\t\t\t\t<\/div>\n\t\t<\/div>\n\t\t\t\t<div class=\"elementor-column elementor-col-20 elementor-top-column elementor-element elementor-element-b55c0bd\" data-id=\"b55c0bd\" data-element_type=\"column\">\n\t\t\t<div class=\"elementor-widget-wrap elementor-element-populated\">\n\t\t\t\t\t\t\t\t<div class=\"elementor-element elementor-element-1a0af97 elementor-widget__width-initial elementor-widget elementor-widget-button\" data-id=\"1a0af97\" data-element_type=\"widget\" data-widget_type=\"button.default\">\n\t\t\t\t<div class=\"elementor-widget-container\">\n\t\t\t\t\t<div class=\"elementor-button-wrapper\">\n\t\t\t<a class=\"elementor-button elementor-button-link elementor-size-sm\" href=\"https:\/\/euaic.pnrr.uaic.ro\/wp-content\/uploads\/2024\/10\/Detalii-curs-ECDL-nivel-mediu-sesiunea-2.pdf\">\n\t\t\t\t\t\t<span class=\"elementor-button-content-wrapper\">\n\t\t\t\t\t\t<span class=\"elementor-button-text\">Detalii curs ECDL nivel mediu<\/span>\n\t\t<\/span>\n\t\t\t\t\t<\/a>\n\t\t<\/div>\n\t\t\t\t<\/div>\n\t\t\t\t<\/div>\n\t\t\t\t\t<\/div>\n\t\t<\/div>\n\t\t\t\t<div class=\"elementor-column elementor-col-20 elementor-top-column elementor-element elementor-element-b2bee09\" data-id=\"b2bee09\" data-element_type=\"column\">\n\t\t\t<div class=\"elementor-widget-wrap elementor-element-populated\">\n\t\t\t\t\t\t\t\t<div class=\"elementor-element elementor-element-66503b3 elementor-widget__width-initial elementor-widget elementor-widget-button\" data-id=\"66503b3\" data-element_type=\"widget\" data-widget_type=\"button.default\">\n\t\t\t\t<div class=\"elementor-widget-container\">\n\t\t\t\t\t<div class=\"elementor-button-wrapper\">\n\t\t\t<a class=\"elementor-button elementor-button-link elementor-size-sm\" href=\"https:\/\/euaic.pnrr.uaic.ro\/wp-content\/uploads\/2024\/10\/Extras-Metodologie-selectie-GT-ECDL.pdf\">\n\t\t\t\t\t\t<span class=\"elementor-button-content-wrapper\">\n\t\t\t\t\t\t<span class=\"elementor-button-text\">Detalii: Extras Metodologie selectie GT ECDL<\/span>\n\t\t<\/span>\n\t\t\t\t\t<\/a>\n\t\t<\/div>\n\t\t\t\t<\/div>\n\t\t\t\t<\/div>\n\t\t\t\t\t<\/div>\n\t\t<\/div>\n\t\t\t\t\t\t\t<\/div>\n\t\t<\/section>\n\t\t\t\t<section class=\"elementor-section elementor-top-section elementor-element elementor-element-362aacb elementor-section-boxed elementor-section-height-default elementor-section-height-default\" data-id=\"362aacb\" data-element_type=\"section\">\n\t\t\t\t\t\t<div class=\"elementor-container elementor-column-gap-default\">\n\t\t\t\t\t<div class=\"elementor-column elementor-col-100 elementor-top-column elementor-element elementor-element-ff3a4a8\" data-id=\"ff3a4a8\" data-element_type=\"column\">\n\t\t\t<div class=\"elementor-widget-wrap elementor-element-populated\">\n\t\t\t\t\t\t\t\t<div class=\"elementor-element elementor-element-72e1017 elementor-widget elementor-widget-text-editor\" data-id=\"72e1017\" data-element_type=\"widget\" data-widget_type=\"text-editor.default\">\n\t\t\t\t<div class=\"elementor-widget-container\">\n\t\t\t\t\t\t\t<h3 style=\"text-align: justify;\"><span style=\"color: #104d06;\">Pentru \u00eenscrierea \u00een Grupul \u021bint\u0103 (GT) pentru programe de formare \u0219i certificare la nivel mediu ECDL, se vor trimite prin e-mail la formare.pnrr@uaic.ro, urm\u0103toarele documente (anexele se vor desc\u0103rca de <a href=\"https:\/\/euaic.pnrr.uaic.ro\/wp-content\/uploads\/2024\/10\/Anexe-de-completat-ECDL.docx\"><span style=\"color: #e01693;\"><strong><span style=\"text-decoration: underline;\">aici<\/span><\/strong><\/span><\/a> \u0219i se vor trimite <span style=\"text-decoration: underline;\">semnate<\/span>):<\/span><\/h3><ul><li><h5 style=\"text-align: left;\"><span style=\"color: #ed5205;\"><strong>Formular de aplica\u021bie (Anexa 1a) ;<\/strong><\/span><\/h5><\/li><li><h5 style=\"text-align: left;\"><span style=\"color: #ed5205;\"><strong>Declara\u021bie disponibilitate de a participa la activit\u0103\u021bile proiectului (Anexa 2a); <\/strong><\/span><\/h5><\/li><li><h5 style=\"text-align: left;\"><span style=\"color: #ed5205;\"><strong>Copie dup\u0103 cartea de identitate;<\/strong><\/span><\/h5><\/li><li><h5 style=\"text-align: left;\"><span style=\"color: #ed5205;\"><strong>Acord de utilizare a datelor personale (Anexa 3a).<\/strong><\/span><\/h5><\/li><\/ul><h4 style=\"text-align: left;\"><span style=\"color: #c2135f;\">V\u0103 rug\u0103m s\u0103 citi\u021bi toate detaliile \u00een metodologie!!<\/span><\/h4>\t\t\t\t\t\t<\/div>\n\t\t\t\t<\/div>\n\t\t\t\t\t<\/div>\n\t\t<\/div>\n\t\t\t\t\t\t\t<\/div>\n\t\t<\/section>\n\t\t\t\t\t\t\t<\/div>\n\t\t","protected":false},"excerpt":{"rendered":"<p>CALENDAR Activitate I. Campanie de informare \u0219i promovare \u00een r\u00e2ndul GTII. \u00censcrierea candida\u021bilor III. Verificarea, evaluarea \u0219i selec\u021bia candidaturilorIV. Afi\u0219area listei de candida\u021bi declara\u021bi admi\u0219i V. Contesta\u021biiVI. Solu\u021bionarea contesta\u021biilorVII. Afi\u0219area listei finale a candida\u021bilor declara\u021bi admi\u0219i Perioad\u0103 I.\u00a0 \u00a0 \u00a003 octombrie \u2013 08 octombrie 2024II.\u00a0 \u00a0 08 \u2013 21 octombrie 2024III.\u00a0 \u00a022 \u2013 23 octombrie [&hellip;]<\/p>\n","protected":false},"author":3,"featured_media":0,"parent":0,"menu_order":0,"comment_status":"closed","ping_status":"closed","template":"","meta":[],"_links":{"self":[{"href":"https:\/\/euaic.pnrr.uaic.ro\/index.php?rest_route=\/wp\/v2\/pages\/810"}],"collection":[{"href":"https:\/\/euaic.pnrr.uaic.ro\/index.php?rest_route=\/wp\/v2\/pages"}],"about":[{"href":"https:\/\/euaic.pnrr.uaic.ro\/index.php?rest_route=\/wp\/v2\/types\/page"}],"author":[{"embeddable":true,"href":"https:\/\/euaic.pnrr.uaic.ro\/index.php?rest_route=\/wp\/v2\/users\/3"}],"replies":[{"embeddable":true,"href":"https:\/\/euaic.pnrr.uaic.ro\/index.php?rest_route=%2Fwp%2Fv2%2Fcomments&post=810"}],"version-history":[{"count":40,"href":"https:\/\/euaic.pnrr.uaic.ro\/index.php?rest_route=\/wp\/v2\/pages\/810\/revisions"}],"predecessor-version":[{"id":929,"href":"https:\/\/euaic.pnrr.uaic.ro\/index.php?rest_route=\/wp\/v2\/pages\/810\/revisions\/929"}],"wp:attachment":[{"href":"https:\/\/euaic.pnrr.uaic.ro\/index.php?rest_route=%2Fwp%2Fv2%2Fmedia&parent=810"}],"curies":[{"name":"wp","href":"https:\/\/api.w.org\/{rel}","templated":true}]}}