{"id":320,"date":"2024-02-27T13:33:49","date_gmt":"2024-02-27T11:33:49","guid":{"rendered":"https:\/\/euaic.pnrr.uaic.ro\/?page_id=320"},"modified":"2024-09-25T11:25:25","modified_gmt":"2024-09-25T08:25:25","slug":"programe-de-formare-sesiunea-i","status":"publish","type":"page","link":"https:\/\/euaic.pnrr.uaic.ro\/?page_id=320","title":{"rendered":"Programe de formare Sesiunea I"},"content":{"rendered":"\t\t<div data-elementor-type=\"wp-page\" data-elementor-id=\"320\" class=\"elementor elementor-320\">\n\t\t\t\t\t\t\t\t\t<section class=\"elementor-section elementor-top-section elementor-element elementor-element-5021636 elementor-section-boxed elementor-section-height-default elementor-section-height-default\" data-id=\"5021636\" data-element_type=\"section\">\n\t\t\t\t\t\t<div class=\"elementor-container elementor-column-gap-default\">\n\t\t\t\t\t<div class=\"elementor-column elementor-col-100 elementor-top-column elementor-element elementor-element-972dd96\" data-id=\"972dd96\" data-element_type=\"column\">\n\t\t\t<div class=\"elementor-widget-wrap\">\n\t\t\t\t\t\t\t\t\t<\/div>\n\t\t<\/div>\n\t\t\t\t\t\t\t<\/div>\n\t\t<\/section>\n\t\t\t\t<section class=\"elementor-section elementor-top-section elementor-element elementor-element-1467966 elementor-section-boxed elementor-section-height-default elementor-section-height-default\" data-id=\"1467966\" data-element_type=\"section\">\n\t\t\t\t\t\t<div class=\"elementor-container elementor-column-gap-default\">\n\t\t\t\t\t<div class=\"elementor-column elementor-col-50 elementor-top-column elementor-element elementor-element-ca71266\" data-id=\"ca71266\" data-element_type=\"column\">\n\t\t\t<div class=\"elementor-widget-wrap elementor-element-populated\">\n\t\t\t\t\t\t\t\t<div class=\"elementor-element elementor-element-0bd8c9e elementor-widget elementor-widget-text-editor\" data-id=\"0bd8c9e\" data-element_type=\"widget\" data-widget_type=\"text-editor.default\">\n\t\t\t\t<div class=\"elementor-widget-container\">\n\t\t\t<style>\/*! elementor - v3.14.0 - 18-06-2023 *\/\n.elementor-widget-text-editor.elementor-drop-cap-view-stacked .elementor-drop-cap{background-color:#69727d;color:#fff}.elementor-widget-text-editor.elementor-drop-cap-view-framed .elementor-drop-cap{color:#69727d;border:3px solid;background-color:transparent}.elementor-widget-text-editor:not(.elementor-drop-cap-view-default) .elementor-drop-cap{margin-top:8px}.elementor-widget-text-editor:not(.elementor-drop-cap-view-default) .elementor-drop-cap-letter{width:1em;height:1em}.elementor-widget-text-editor .elementor-drop-cap{float:left;text-align:center;line-height:1;font-size:50px}.elementor-widget-text-editor .elementor-drop-cap-letter{display:inline-block}<\/style>\t\t\t\t<h4><span style=\"color: #0000ff;\"><strong>Detalii Vizualizare:<\/strong><\/span><\/h4>\t\t\t\t\t\t<\/div>\n\t\t\t\t<\/div>\n\t\t\t\t\t<\/div>\n\t\t<\/div>\n\t\t\t\t<div class=\"elementor-column elementor-col-50 elementor-top-column elementor-element elementor-element-10965cc\" data-id=\"10965cc\" data-element_type=\"column\">\n\t\t\t<div class=\"elementor-widget-wrap elementor-element-populated\">\n\t\t\t\t\t\t\t\t<div class=\"elementor-element elementor-element-89ba3d4 elementor-widget__width-initial e-transform elementor-invisible elementor-widget elementor-widget-button\" data-id=\"89ba3d4\" data-element_type=\"widget\" data-settings=\"{&quot;_animation&quot;:&quot;fadeIn&quot;,&quot;_transform_scaleX_effect_hover&quot;:{&quot;unit&quot;:&quot;px&quot;,&quot;size&quot;:&quot;&quot;,&quot;sizes&quot;:[]},&quot;_transform_scaleX_effect_hover_tablet&quot;:{&quot;unit&quot;:&quot;px&quot;,&quot;size&quot;:&quot;&quot;,&quot;sizes&quot;:[]},&quot;_transform_scaleX_effect_hover_mobile&quot;:{&quot;unit&quot;:&quot;px&quot;,&quot;size&quot;:&quot;&quot;,&quot;sizes&quot;:[]},&quot;_transform_scaleY_effect_hover&quot;:{&quot;unit&quot;:&quot;px&quot;,&quot;size&quot;:&quot;&quot;,&quot;sizes&quot;:[]},&quot;_transform_scaleY_effect_hover_tablet&quot;:{&quot;unit&quot;:&quot;px&quot;,&quot;size&quot;:&quot;&quot;,&quot;sizes&quot;:[]},&quot;_transform_scaleY_effect_hover_mobile&quot;:{&quot;unit&quot;:&quot;px&quot;,&quot;size&quot;:&quot;&quot;,&quot;sizes&quot;:[]}}\" data-widget_type=\"button.default\">\n\t\t\t\t<div class=\"elementor-widget-container\">\n\t\t\t\t\t<div class=\"elementor-button-wrapper\">\n\t\t\t<a class=\"elementor-button elementor-button-link elementor-size-sm\" href=\"https:\/\/euaic.pnrr.uaic.ro\/wp-content\/uploads\/2024\/03\/Metodologie-selectie-GT-28.03.pdf\">\n\t\t\t\t\t\t<span class=\"elementor-button-content-wrapper\">\n\t\t\t\t\t\t<span class=\"elementor-button-text\">METODOLOGIE DE SELEC\u021aIE A GRUPULUI \u021aINT\u0102<\/span>\n\t\t<\/span>\n\t\t\t\t\t<\/a>\n\t\t<\/div>\n\t\t\t\t<\/div>\n\t\t\t\t<\/div>\n\t\t\t\t\t<\/div>\n\t\t<\/div>\n\t\t\t\t\t\t\t<\/div>\n\t\t<\/section>\n\t\t\t\t<section class=\"elementor-section elementor-top-section elementor-element elementor-element-18fafa3 elementor-section-boxed elementor-section-height-default elementor-section-height-default\" data-id=\"18fafa3\" data-element_type=\"section\">\n\t\t\t\t\t\t<div class=\"elementor-container elementor-column-gap-default\">\n\t\t\t\t\t<div class=\"elementor-column elementor-col-33 elementor-top-column elementor-element elementor-element-1902f62\" data-id=\"1902f62\" data-element_type=\"column\">\n\t\t\t<div class=\"elementor-widget-wrap elementor-element-populated\">\n\t\t\t\t\t\t\t\t<div class=\"elementor-element elementor-element-07e2198 elementor-widget__width-initial elementor-widget elementor-widget-button\" data-id=\"07e2198\" data-element_type=\"widget\" data-widget_type=\"button.default\">\n\t\t\t\t<div class=\"elementor-widget-container\">\n\t\t\t\t\t<div class=\"elementor-button-wrapper\">\n\t\t\t<a class=\"elementor-button elementor-button-link elementor-size-sm elementor-animation-bounce-in\" href=\"https:\/\/euaic.pnrr.uaic.ro\/?page_id=595\" target=\"_blank\">\n\t\t\t\t\t\t<span class=\"elementor-button-content-wrapper\">\n\t\t\t\t\t\t<span class=\"elementor-button-text\">Curs ECDL nivel mediu<\/span>\n\t\t<\/span>\n\t\t\t\t\t<\/a>\n\t\t<\/div>\n\t\t\t\t<\/div>\n\t\t\t\t<\/div>\n\t\t\t\t\t<\/div>\n\t\t<\/div>\n\t\t\t\t<div class=\"elementor-column elementor-col-33 elementor-top-column elementor-element elementor-element-00606f5\" data-id=\"00606f5\" data-element_type=\"column\">\n\t\t\t<div class=\"elementor-widget-wrap elementor-element-populated\">\n\t\t\t\t\t\t\t\t<div class=\"elementor-element elementor-element-2568ce8 elementor-widget__width-initial elementor-widget elementor-widget-button\" data-id=\"2568ce8\" data-element_type=\"widget\" data-widget_type=\"button.default\">\n\t\t\t\t<div class=\"elementor-widget-container\">\n\t\t\t\t\t<div class=\"elementor-button-wrapper\">\n\t\t\t<a class=\"elementor-button elementor-button-link elementor-size-sm elementor-animation-bounce-in\" href=\"https:\/\/euaic.pnrr.uaic.ro\/?page_id=348\" target=\"_blank\">\n\t\t\t\t\t\t<span class=\"elementor-button-content-wrapper\">\n\t\t\t\t\t\t<span class=\"elementor-button-text\">Curs Administrator platform\u0103 Moodle<\/span>\n\t\t<\/span>\n\t\t\t\t\t<\/a>\n\t\t<\/div>\n\t\t\t\t<\/div>\n\t\t\t\t<\/div>\n\t\t\t\t\t<\/div>\n\t\t<\/div>\n\t\t\t\t<div class=\"elementor-column elementor-col-33 elementor-top-column elementor-element elementor-element-74d8e82\" data-id=\"74d8e82\" data-element_type=\"column\">\n\t\t\t<div class=\"elementor-widget-wrap elementor-element-populated\">\n\t\t\t\t\t\t\t\t<div class=\"elementor-element elementor-element-9b22b1c elementor-widget__width-initial elementor-widget elementor-widget-button\" data-id=\"9b22b1c\" data-element_type=\"widget\" data-widget_type=\"button.default\">\n\t\t\t\t<div class=\"elementor-widget-container\">\n\t\t\t\t\t<div class=\"elementor-button-wrapper\">\n\t\t\t<a class=\"elementor-button elementor-button-link elementor-size-sm elementor-animation-bounce-in\" href=\"https:\/\/euaic.pnrr.uaic.ro\/?page_id=350\" target=\"_blank\">\n\t\t\t\t\t\t<span class=\"elementor-button-content-wrapper\">\n\t\t\t\t\t\t<span class=\"elementor-button-text\">Dezvoltator de eLearning pe platforma Moodle<\/span>\n\t\t<\/span>\n\t\t\t\t\t<\/a>\n\t\t<\/div>\n\t\t\t\t<\/div>\n\t\t\t\t<\/div>\n\t\t\t\t\t<\/div>\n\t\t<\/div>\n\t\t\t\t\t\t\t<\/div>\n\t\t<\/section>\n\t\t\t\t<section class=\"elementor-section elementor-top-section elementor-element elementor-element-0dce432 elementor-section-boxed elementor-section-height-default elementor-section-height-default\" data-id=\"0dce432\" data-element_type=\"section\">\n\t\t\t\t\t\t<div class=\"elementor-container elementor-column-gap-default\">\n\t\t\t\t\t<div class=\"elementor-column elementor-col-50 elementor-top-column elementor-element elementor-element-d6d7c0d\" data-id=\"d6d7c0d\" data-element_type=\"column\">\n\t\t\t<div class=\"elementor-widget-wrap\">\n\t\t\t\t\t\t\t\t\t<\/div>\n\t\t<\/div>\n\t\t\t\t<div class=\"elementor-column elementor-col-50 elementor-top-column elementor-element elementor-element-7b9e611\" data-id=\"7b9e611\" data-element_type=\"column\">\n\t\t\t<div class=\"elementor-widget-wrap\">\n\t\t\t\t\t\t\t\t\t<\/div>\n\t\t<\/div>\n\t\t\t\t\t\t\t<\/div>\n\t\t<\/section>\n\t\t\t\t<section class=\"elementor-section elementor-top-section elementor-element elementor-element-d4cc865 elementor-section-boxed elementor-section-height-default elementor-section-height-default\" data-id=\"d4cc865\" data-element_type=\"section\">\n\t\t\t\t\t\t<div class=\"elementor-container elementor-column-gap-default\">\n\t\t\t\t\t<div class=\"elementor-column elementor-col-100 elementor-top-column elementor-element elementor-element-b4b1f36\" data-id=\"b4b1f36\" data-element_type=\"column\">\n\t\t\t<div class=\"elementor-widget-wrap elementor-element-populated\">\n\t\t\t\t\t\t\t\t<div class=\"elementor-element elementor-element-53d84ab elementor-widget elementor-widget-text-editor\" data-id=\"53d84ab\" data-element_type=\"widget\" data-widget_type=\"text-editor.default\">\n\t\t\t\t<div class=\"elementor-widget-container\">\n\t\t\t\t\t\t\t<h5><span style=\"color: #0000ff;\">DEZVOLTAREA DE COMPETEN\u021aE DIGITALE PENTRU STUDEN\u021aII UNIVERSIT\u0102\u021aII<\/span><\/h5>\t\t\t\t\t\t<\/div>\n\t\t\t\t<\/div>\n\t\t\t\t\t<\/div>\n\t\t<\/div>\n\t\t\t\t\t\t\t<\/div>\n\t\t<\/section>\n\t\t\t\t<section class=\"elementor-section elementor-top-section elementor-element elementor-element-00867bd elementor-section-boxed elementor-section-height-default elementor-section-height-default\" data-id=\"00867bd\" data-element_type=\"section\">\n\t\t\t\t\t\t<div class=\"elementor-container elementor-column-gap-default\">\n\t\t\t\t\t<div class=\"elementor-column elementor-col-100 elementor-top-column elementor-element elementor-element-fb38dd5\" data-id=\"fb38dd5\" data-element_type=\"column\">\n\t\t\t<div class=\"elementor-widget-wrap elementor-element-populated\">\n\t\t\t\t\t\t\t\t<div class=\"elementor-element elementor-element-7c242d7 elementor-widget elementor-widget-text-editor\" data-id=\"7c242d7\" data-element_type=\"widget\" data-widget_type=\"text-editor.default\">\n\t\t\t\t<div class=\"elementor-widget-container\">\n\t\t\t\t\t\t\t<span style=\"color: #000080;\"><strong>3.1 Programe de formare pentru studen\u021bii <\/strong><strong><u>Universit\u0103\u0163ii\u00a0<\/u><\/strong><\/span>\n<p style=\"padding-left: 40px;\"><span style=\"color: #335cff;\"><strong>Descrierea activit\u0103\u021bii \u0219i succesiunea logic\u0103 a activit\u0103\u021bilor:<\/strong><\/span><\/p>\n<p style=\"text-align: justify;\">Din punctul de vedere al utiliz\u0103rii tehnologiilor informatice \u0219i preg\u0103tirea studen\u021bilor \u00een\u00a0<strong><u>aceste domenii<\/u><\/strong>\u00a0exist\u0103 cel pu\u021bin trei tipuri de programe de studii: programe de studii \u00een domeniul IT, programe de studii \u00een care este necesar\u0103 o preg\u0103tire de nivel minim \u00een tehnologiile IT \u0219i programe de studii pentru care aceast\u0103 preg\u0103tire poate lipsi.<\/p>\n\n<ol>\n \t<li style=\"text-align: justify;\">Pentru studen\u021bii care nu au urmat cursul TIC sau nu au competen\u021be minime necesare se vor asigura cursuri de formare \u0219i certificare la nivel mediu ECDL<\/li>\n \t<li style=\"text-align: justify;\">Se va analiza tematica curent\u0103 a cursurilor TIC \u0219i se va propune o tematic\u0103 minim\u0103 necesar\u0103 astfel \u00eenc\u00e2t s\u0103 se asigure competen\u021be, cel pu\u021bin, la nivelul ECDL mediu<\/li>\n \t<li style=\"text-align: justify;\">Se va analiza fiecare program de studii care nu are prev\u0103zut un astfel de curs TIC, se va analiza oportunitatea introducerii acestuia \u0219i, \u00een cazul \u00een care sunt necesare se vor introduce astfel de cursuri \u00een acelea\u0219i condi\u021bii ca la punctul anterior.<\/li>\n<\/ol>\t\t\t\t\t\t<\/div>\n\t\t\t\t<\/div>\n\t\t\t\t\t<\/div>\n\t\t<\/div>\n\t\t\t\t\t\t\t<\/div>\n\t\t<\/section>\n\t\t\t\t<section class=\"elementor-section elementor-top-section elementor-element elementor-element-2744f9e elementor-section-boxed elementor-section-height-default elementor-section-height-default\" data-id=\"2744f9e\" data-element_type=\"section\">\n\t\t\t\t\t\t<div class=\"elementor-container elementor-column-gap-default\">\n\t\t\t\t\t<div class=\"elementor-column elementor-col-100 elementor-top-column elementor-element elementor-element-d50dc6c\" data-id=\"d50dc6c\" data-element_type=\"column\">\n\t\t\t<div class=\"elementor-widget-wrap elementor-element-populated\">\n\t\t\t\t\t\t\t\t<div class=\"elementor-element elementor-element-381b846 elementor-widget elementor-widget-text-editor\" data-id=\"381b846\" data-element_type=\"widget\" data-widget_type=\"text-editor.default\">\n\t\t\t\t<div class=\"elementor-widget-container\">\n\t\t\t\t\t\t\t<p style=\"text-align: justify;\"><span style=\"color: #000080;\"><strong>3.2 Actualizarea programelor de studii pentru disciplina TIC din cadrul facult\u0103\u021bilor <\/strong><strong><u>Universit\u0103\u0163ii<\/u><\/strong><\/span><\/p><p style=\"text-align: justify; padding-left: 40px;\"><span style=\"color: #335cff;\"><strong>Descrierea activit\u0103\u021bii \u0219i succesiunea logic\u0103 a activit\u0103\u021bilor:<\/strong><\/span><\/p><p style=\"text-align: justify;\">\u00cen cadrul Universit\u0103\u021bii se pot distinge dou\u0103 tipuri de programe de studii: programe de studii pentru specializ\u0103ri \u00een domeniu IT, iar \u00een acest caz nu sunt necesare cursuri de TIC, nivel general, fiind necesare cursuri specifice. \u00cen aceast\u0103 categorie se \u00eencadreaz\u0103 programe de studii ale Facult\u0103\u021bii de Informatic\u0103, de Economie \u0219i Administrarea Afacerilor\u00a0<strong><u>(specializarea Informatic\u0103 Economic\u0103)<\/u><\/strong>, Matematic\u0103\u00a0<strong><u>(specializarea Matematic\u0103 Informatic\u0103)<\/u><\/strong>\u00a0\u0219i de Fizic\u0103\u00a0<strong><u>(specializarea Fizic\u0103 Informatic\u0103)<\/u><\/strong>. Mai sunt \u00eenc\u0103 programe de studii f\u0103r\u0103 disciplin\u0103 TIC, nefiind considerat\u0103 necesar\u0103.<\/p>\t\t\t\t\t\t<\/div>\n\t\t\t\t<\/div>\n\t\t\t\t\t<\/div>\n\t\t<\/div>\n\t\t\t\t\t\t\t<\/div>\n\t\t<\/section>\n\t\t\t\t<section class=\"elementor-section elementor-top-section elementor-element elementor-element-3b9a2a1 elementor-section-boxed elementor-section-height-default elementor-section-height-default\" data-id=\"3b9a2a1\" data-element_type=\"section\">\n\t\t\t\t\t\t<div class=\"elementor-container elementor-column-gap-default\">\n\t\t\t\t\t<div class=\"elementor-column elementor-col-100 elementor-top-column elementor-element elementor-element-48c79cd\" data-id=\"48c79cd\" data-element_type=\"column\">\n\t\t\t<div class=\"elementor-widget-wrap elementor-element-populated\">\n\t\t\t\t\t\t\t\t<div class=\"elementor-element elementor-element-7fa496a elementor-widget elementor-widget-text-editor\" data-id=\"7fa496a\" data-element_type=\"widget\" data-widget_type=\"text-editor.default\">\n\t\t\t\t<div class=\"elementor-widget-container\">\n\t\t\t\t\t\t\t<p style=\"text-align: justify;\"><span style=\"color: #000080;\"><strong>3.3 Dezvoltarea <\/strong><strong>competen\u021belor<\/strong><strong> pentru utilizarea solu\u021biilor LMS<\/strong><\/span><\/p><p style=\"text-align: justify; padding-left: 40px;\"><span style=\"color: #335cff;\"><strong>Descrierea activit\u0103\u021bii \u0219i succesiunea logic\u0103 a activit\u0103\u021bilor:<\/strong><\/span><\/p><p style=\"text-align: justify;\">Facult\u0103\u021bile Universit\u0103\u021bii Alexandru Ioan Cuza folosesc \u00een activitatea didactic\u0103 \u0219i de evaluare sistemul de tip LMS (Learning Management System) Open Source Moodle.\u00a0<\/p><p>Se vor organiza cursuri de formare\u00a0 at\u00e2t pentru cadrele didactice c\u00e2t \u0219i pentru personalul didactic auxiliar care va ajuta la organizarea activit\u0103\u021bii \u0219i va oferi suport studen\u021bilor \u0219i cadrelor didactice.\u00a0<\/p><ul><li>Dezvoltator de eLearning pe platforma Moodle \u2013 cursuri pentru profesori<\/li><li>Administrator de platforma Moodle \u2013 cursuri pentru personalul didactic auxiliar care vor oferi asisten\u021b\u0103 cadrelor didactice \u0219i vor avea atribu\u021bii privind managementul cursurilor\/programelor facult\u0103\u021bilor<\/li><\/ul>\t\t\t\t\t\t<\/div>\n\t\t\t\t<\/div>\n\t\t\t\t\t<\/div>\n\t\t<\/div>\n\t\t\t\t\t\t\t<\/div>\n\t\t<\/section>\n\t\t\t\t\t\t\t<\/div>\n\t\t","protected":false},"excerpt":{"rendered":"<p>Detalii Vizualizare: METODOLOGIE DE SELEC\u021aIE A GRUPULUI \u021aINT\u0102 Curs ECDL nivel mediu Curs Administrator platform\u0103 Moodle Dezvoltator de eLearning pe platforma Moodle DEZVOLTAREA DE COMPETEN\u021aE DIGITALE PENTRU STUDEN\u021aII UNIVERSIT\u0102\u021aII 3.1 Programe de formare pentru studen\u021bii Universit\u0103\u0163ii\u00a0 Descrierea activit\u0103\u021bii \u0219i succesiunea logic\u0103 a activit\u0103\u021bilor: Din punctul de vedere al utiliz\u0103rii tehnologiilor informatice \u0219i preg\u0103tirea studen\u021bilor \u00een\u00a0aceste [&hellip;]<\/p>\n","protected":false},"author":1,"featured_media":0,"parent":0,"menu_order":0,"comment_status":"closed","ping_status":"closed","template":"","meta":[],"_links":{"self":[{"href":"https:\/\/euaic.pnrr.uaic.ro\/index.php?rest_route=\/wp\/v2\/pages\/320"}],"collection":[{"href":"https:\/\/euaic.pnrr.uaic.ro\/index.php?rest_route=\/wp\/v2\/pages"}],"about":[{"href":"https:\/\/euaic.pnrr.uaic.ro\/index.php?rest_route=\/wp\/v2\/types\/page"}],"author":[{"embeddable":true,"href":"https:\/\/euaic.pnrr.uaic.ro\/index.php?rest_route=\/wp\/v2\/users\/1"}],"replies":[{"embeddable":true,"href":"https:\/\/euaic.pnrr.uaic.ro\/index.php?rest_route=%2Fwp%2Fv2%2Fcomments&post=320"}],"version-history":[{"count":144,"href":"https:\/\/euaic.pnrr.uaic.ro\/index.php?rest_route=\/wp\/v2\/pages\/320\/revisions"}],"predecessor-version":[{"id":787,"href":"https:\/\/euaic.pnrr.uaic.ro\/index.php?rest_route=\/wp\/v2\/pages\/320\/revisions\/787"}],"wp:attachment":[{"href":"https:\/\/euaic.pnrr.uaic.ro\/index.php?rest_route=%2Fwp%2Fv2%2Fmedia&parent=320"}],"curies":[{"name":"wp","href":"https:\/\/api.w.org\/{rel}","templated":true}]}}