{"id":19,"date":"2023-03-08T08:56:04","date_gmt":"2023-03-08T08:56:04","guid":{"rendered":"https:\/\/euaic.pnrr.uaic.ro\/home\/"},"modified":"2023-03-14T11:33:22","modified_gmt":"2023-03-14T09:33:22","slug":"home","status":"publish","type":"page","link":"https:\/\/euaic.pnrr.uaic.ro\/","title":{"rendered":"Acas\u0103"},"content":{"rendered":"\t\t<div data-elementor-type=\"wp-page\" data-elementor-id=\"19\" class=\"elementor elementor-19\">\n\t\t\t\t\t\t\t\t\t<section class=\"elementor-section elementor-top-section elementor-element elementor-element-2e95743c elementor-section-boxed elementor-section-height-default elementor-section-height-default\" data-id=\"2e95743c\" data-element_type=\"section\">\n\t\t\t\t\t\t<div class=\"elementor-container elementor-column-gap-default\">\n\t\t\t\t\t<div class=\"elementor-column elementor-col-100 elementor-top-column elementor-element elementor-element-1229d53a\" data-id=\"1229d53a\" data-element_type=\"column\">\n\t\t\t<div class=\"elementor-widget-wrap elementor-element-populated\">\n\t\t\t\t\t\t\t\t<div class=\"elementor-element elementor-element-3f614a4e elementor-widget elementor-widget-text-editor\" data-id=\"3f614a4e\" data-element_type=\"widget\" data-widget_type=\"text-editor.default\">\n\t\t\t\t<div class=\"elementor-widget-container\">\n\t\t\t<style>\/*! elementor - v3.14.0 - 18-06-2023 *\/\n.elementor-widget-text-editor.elementor-drop-cap-view-stacked .elementor-drop-cap{background-color:#69727d;color:#fff}.elementor-widget-text-editor.elementor-drop-cap-view-framed .elementor-drop-cap{color:#69727d;border:3px solid;background-color:transparent}.elementor-widget-text-editor:not(.elementor-drop-cap-view-default) .elementor-drop-cap{margin-top:8px}.elementor-widget-text-editor:not(.elementor-drop-cap-view-default) .elementor-drop-cap-letter{width:1em;height:1em}.elementor-widget-text-editor .elementor-drop-cap{float:left;text-align:center;line-height:1;font-size:50px}.elementor-widget-text-editor .elementor-drop-cap-letter{display:inline-block}<\/style>\t\t\t\t<!-- wp:paragraph -->\n<p style=\"text-align:justify\">Proiectul cu titlul <strong>\u201eCadru pentru dezvoltarea durabil\u0103 a componentei digitale a universit\u0103\u021bii \u2013\u00a0 eUAIC\u201d<\/strong>, Cod proiect: <em><strong>F-PNRR-GDU-1-2022-0109<\/strong><\/em>, a fost depus \u00een cadrul apelului \u201eGranturi pentru digitalizarea universit\u0103\u021bilor\u201d \u0219i este finan\u021bat prin Planul Na\u021bional de Redresare \u0219i Rezilien\u021b\u0103, Componenta C15: Educa\u021bie, M\u0103sura de investi\u021bii Reforma 5: Adoptarea cadrului legislativ pentru digitalizarea educa\u021biei\/ Investi\u021bia 16: Digitalizarea universit\u0103\u021bilor \u0219i preg\u0103tirea acestora pentru profesiile digitale ale viitorului.<\/p>\n<!-- \/wp:paragraph -->\n\n<!-- wp:paragraph -->\n<p style=\"text-align:justify\">Prin implementarea acestui proiect se urm\u0103re\u0219te <em><strong>asigurarea resurselor ITC (Tehnologia Informa\u021biei \u0219i Comunica\u021biei) \u00een ritmul avansului tehnologic \u0219i al disponibilit\u0103\u021bii pe pia\u021b\u0103 a noilor tehnologii, prin investi\u021bii de modernizare a\u00a0 infrastructurii\u00a0 digitale, modernizarea \u0219i implementarea de servicii informatice \u00een cadrul Universit\u0103\u021bii \u201eAlexandru Ioan Cuza\u201d din Ia\u0219i p\u00e2n\u0103 \u00een 2025.<\/strong><\/em> De asemenea, proiectul va asigura cadrul institu\u021bional de formare a competen\u021belor digitale ale membrilor comunit\u0103\u021bii academice prin actualizarea, dezvoltarea \u0219i furnizarea de programe de formare \u00een domeniul competen\u021belor digitale \u0219i competen\u021belor digitale avansate, dar \u0219i dezvoltarea, modernizarea \u0219i actualizarea serviciilor informatice \u0219i de comunica\u021bii pentru facilitarea accesului \u00een mediul academic \u0219i pentru cre\u0219terea calit\u0103\u021bii serviciilor de educa\u021bie \u0219i cercetare p\u00e2n\u0103 \u00een 2025.<\/p>\n<!-- \/wp:paragraph -->\n\n<!-- wp:paragraph -->\n<p><em><strong>Proiectul se va derula pe parcursul a 39 de luni, valoarea total\u0103 a acestuia fiind de 40,265,619.21 lei.<\/strong><\/em><\/p>\n<!-- \/wp:paragraph -->\t\t\t\t\t\t<\/div>\n\t\t\t\t<\/div>\n\t\t\t\t\t<\/div>\n\t\t<\/div>\n\t\t\t\t\t\t\t<\/div>\n\t\t<\/section>\n\t\t\t\t\t\t\t<\/div>\n\t\t","protected":false},"excerpt":{"rendered":"<p>Proiectul cu titlul \u201eCadru pentru dezvoltarea durabil\u0103 a componentei digitale a universit\u0103\u021bii \u2013&nbsp; eUAIC\u201d, Cod proiect: F-PNRR-GDU-1-2022-0109, a fost depus \u00een cadrul apelului \u201eGranturi pentru digitalizarea universit\u0103\u021bilor\u201d \u0219i este finan\u021bat prin Planul Na\u021bional de Redresare \u0219i Rezilien\u021b\u0103, Componenta C15: Educa\u021bie, M\u0103sura de investi\u021bii Reforma 5: Adoptarea cadrului legislativ pentru digitalizarea educa\u021biei\/ Investi\u021bia 16: Digitalizarea universit\u0103\u021bilor [&hellip;]<\/p>\n","protected":false},"author":1,"featured_media":0,"parent":0,"menu_order":0,"comment_status":"closed","ping_status":"closed","template":"","meta":[],"_links":{"self":[{"href":"https:\/\/euaic.pnrr.uaic.ro\/index.php?rest_route=\/wp\/v2\/pages\/19"}],"collection":[{"href":"https:\/\/euaic.pnrr.uaic.ro\/index.php?rest_route=\/wp\/v2\/pages"}],"about":[{"href":"https:\/\/euaic.pnrr.uaic.ro\/index.php?rest_route=\/wp\/v2\/types\/page"}],"author":[{"embeddable":true,"href":"https:\/\/euaic.pnrr.uaic.ro\/index.php?rest_route=\/wp\/v2\/users\/1"}],"replies":[{"embeddable":true,"href":"https:\/\/euaic.pnrr.uaic.ro\/index.php?rest_route=%2Fwp%2Fv2%2Fcomments&post=19"}],"version-history":[{"count":7,"href":"https:\/\/euaic.pnrr.uaic.ro\/index.php?rest_route=\/wp\/v2\/pages\/19\/revisions"}],"predecessor-version":[{"id":106,"href":"https:\/\/euaic.pnrr.uaic.ro\/index.php?rest_route=\/wp\/v2\/pages\/19\/revisions\/106"}],"wp:attachment":[{"href":"https:\/\/euaic.pnrr.uaic.ro\/index.php?rest_route=%2Fwp%2Fv2%2Fmedia&parent=19"}],"curies":[{"name":"wp","href":"https:\/\/api.w.org\/{rel}","templated":true}]}}